2 - 5*g + 1. What is w(y)?
1
Suppose -1 = 4*b + 3*w, -b = -2*b - 5*w - 13. Let x(z) = z**3 + z - 4. Let r(d) = -2*d**3 - d + 4. Let j(f) = b*r(f) + 3*x(f). Determine j(0).
-4
Let l(b) = -2*b + 3. Let f be (0/(6/2))/2. Let g = 18 - 17. Suppose -c + 4 + g = f. Determine l(c).
-7
Let l(g) = -10*g - 15. Let k(z) = 3*z + 5. Let i(m) = 7*k(m) + 2*l(m). Determine i(-9).
-4
Let u(s) = -5*s - 4. Let m(b) = 3*b - 16. Let h be m(4). What is u(h)?
16
Let y(g) = 4 + 5 - 8 + 2*g**2. Give y(-1).
3
Let p be (-50)/(-15) - 2/6. Suppose 2*n - 2*a - 9 = 5*n, -n = -5*a + p. Let z(c) = -2*c**2 - 4*c + 1. Give z(n).
-5
Let r(h) = -4*h**2 - h**3 - 4*h + 3*h**2 + 2*h**2 + 5*h**2 - 5. Let x = 12 - 8. Determine r(x).
11
Suppose 0 = 6*a - 4*a - 6. Let k(x) = -2*x - 8 - 2*x**2 + 1 - x**a + 4 + 6*x. What is k(2)?
-11
Let u(w) = w**2 + 3*w - 4. Let c(i) = 2*i + 2. Let y be c(-3). Give u(y).
0
Let o(t) = t**3 - 9*t**2 + 9*t - 10. Let g = -15 - -23. Give o(g).
-2
Let k be -2 + -2 + (-2)/1. Let z(l) = 3*l + 8. Give z(k).
-10
Let s(g) be the first derivative of g**6/120 + 2*g**3/3 + 1. Let y(r) be the third derivative of s(r). Let o be (-4 + 0)*(-3)/6. What is y(o)?
12
Let i(d) = 2*d + 1. Suppose -14 = 3*x + 4. Let s(r) = -r. Let k(l) = x*i(l) - 13*s(l). Give k(0).
-6
Let w(o) = -o**3 - 5*o**2 - 4*o - 6. Let s(f) = -f**3 + 6*f**2 - 5*f - 4. Let v be s(5). Calculate w(v).
-6
Let b(t) be the third derivative of t**5/60 + 5*t**4/24 + 2*t**3/3 - 7*t**2. Suppose 3*o - 8 = o. Suppose -o = h - d, 2*h + 20 = -h - 5*d. What is b(h)?
4
Let n(f) = 5*f - 6. Let o(w) = 2*w - 3. Let k(s) = -6*n(s) + 13*o(s). Let d(t) = -3*t**2 - 1. Let v be d(1). What is k(v)?
13
Let z(g) = 5*g + 2. Let v be z(2). Let y be (6/(-4))/(v/16). Let x(n) be the first derivative of 3*n**2/2 - 2*n - 1. Determine x(y).
-8
Let f(n) = -7*n**2 - 50*n**3 + 3*n + 9 - n + 49*n**3. Give f(-7).
-5
Let t(r) = r + 9. Let y be -3 + (-1)/((-2)/16). Let p(b) = -b**2 + 3*b + 3. Let c be p(y). Calculate t(c).
2
Let q = 61 + -61. Let d(f) be the third derivative of -1/24*f**4 + 0*f + 1/60*f**5 + 11/120*f**6 - 1/6*f**3 - 2*f**2 + q. What is d(-1)?
-10
Let q(h) = -h**3 - h - 1. Let w(r) = -3*r**3 - 7*r**2 - 12*r - 3. Let m(d) = -4*q(d) + w(d). Let z be m(8). Let l(x) = -6*x + z + 0 - 4 - x**2. Calculate l(-4).
5
Let n(g) = -g - 9. Let o(v) = 5*v + 7. Let k be o(-3). Calculate n(k).
-1
Let h(j) = -j**2 + 3*j - 10 + 0*j**2 - j**2 + 9 + j**3. Determine h(2).
5
Let l(z) = z - 10. Let g = 23 + -17. What is l(g)?
-4
Let f(y) be the first derivative of 3*y - 3*y**2 + 7 - 1/3*y**3. Give f(-7).
-4
Let o(c) = c**3 - 12*c**2 + 10*c + 13. Let s be o(11). Let n(x) = -10 + 0 + 4 + x**2 - s*x**2. Calculate n(0).
-6
Let k(l) = -l**3 - l**2 - l. Let j(t) = -5*t**3 - 5*t**2 - 3*t - 11. Let h(a) = -j(a) + 4*k(a). Let p be (0 - 0) + 3 + -6 - -3. Calculate h(p).
11
Let p(a) = -a**2 - a + 1. Let s(u) = -u**3 - 3*u**2 - 4*u + 7. Let b(i) = 6*p(i) - s(i). Let q(c) = -c**2 + 7*c - 3. Let z be q(6). Determine b(z).
-7
Let x(f) be the third derivative of -f**5/60 - 7*f**4/24 - 5*f**3/6 + f**2. Suppose -3*l - i - 14 = -l, -i = -5*l - 28. What is x(l)?
1
Let d(r) = -2*r**2 - 8*r - 1. Let x(h) = h**2. Let t(s) = -d(s) - x(s). Determine t(-8).
1
Let q(d) be the first derivative of d**3/3 + 7*d**2/2 - d - 66. Give q(-3).
-13
Suppose z = -0 + 3. Let u(a) = 0*a**2 - 2*a + 5*a - z*a**2 - a**2. Calculate u(2).
-10
Let f(k) = -k**2 - 8*k - 10. Let d be f(-8). Let g = 8 + d. Let c(b) = 0 + 2 + b - b**2 - 3 - b**3. Give c(g).
1
Let t(x) = 2*x**2 + x - 3. Let m(z) = -2*z + 15. Let r be m(9). Determine t(r).
12
Let c(u) be the second derivative of 2*u**3/3 + u**2/2 + 44*u. Determine c(1).
5
Let w(p) = -p + 14. Let j be w(12). Let y(q) = -1 + q - q**2 + 0*q + q**3 + 0*q**j. Calculate y(0).
-1
Let q(k) = k**3 - 4*k**2 + 2*k + 1. Suppose -2*w + 0 = 4. Let u = 0 - w. Suppose -2*d = 3 + 3, 0 = -u*p - 3*d - 5. What is q(p)?
-3
Let b(v) = v**2 + 3*v - 5. Let r be b(-5). Suppose -r*j - 30 = m, 2*j = 3*m + j + 10. Let u = m + 3. Let d(a) = a**3 + 4*a**2 + 2*a + 2. What is d(u)?
6
Let t(k) = -k + 8. Suppose z - 2*o - 1 = 0, 3*z - 2*o = 6 + 9. What is t(z)?
1
Let q = 21 + -15. Let c(m) be the second derivative of -m**4/12 + 2*m**3/3 + 5*m**2/2 - 7*m. What is c(q)?
-7
Let j(i) be the third derivative of i**6/120 - i**5/60 + 3*i**2. Let s = -2 + 3. What is j(s)?
0
Suppose -8*v + 8 = -12*v. Let r = v - -2. Let b(s) = -s - 5. Give b(r).
-5
Suppose 4*s = 4*h - 20 - 8, 4*h = -4*s - 12. Let j(b) = b**2 + 6*b + 6. Determine j(s).
1
Suppose -2*a + 3 = a + 2*w, 2*a - 3 = -w. Suppose -1 + 4 = a*t. Let r(h) = -3 - 4*h**2 + 4 - 2*h + h. Calculate r(t).
-4
Let c(a) = -3*a - 14. Let h(w) = -5*w - 27. Let i(j) = -7*c(j) + 4*h(j). Calculate i(-7).
-17
Let c(y) be the second derivative of 1/4*y**4 + 0*y**2 - 3*y - 1/6*y**3 + 0. Determine c(1).
2
Let x(c) = -c**2 + 5*c + 1. Suppose -p - 5*s + 25 = -9*s, 3*s = 2*p - 25. Give x(p).
1
Let l = -22 + 25. Let p(h) = -h - 1. Determine p(l).
-4
Suppose 0*x - 4 = -2*x. Let r(y) = 0*y**3 - 6 - 6*y**x - 3*y - y**3 + 2*y + y**2. Let c = -9 + 4. Calculate r(c).
-1
Let g(w) be the first derivative of -2*w + 3/2*w**2 - 5/6*w**3 + 1/12*w**4 + 2. Let i(v) be the first derivative of g(v). Determine i(2).
-3
Let s be 3/1 - (2 + 0). Let v = s + 2. Suppose 0*l + v*l = -12. Let a(g) = g**2 + 3*g - 5. What is a(l)?
-1
Suppose -5*s + 5*p - 5 = 0, 4 + 1 = -5*s - 2*p. Let n = -1 - s. Let j be (n - -2)/(1/(-2)). Let l(y) = y**3 + 4*y**2 + 3*y + 6. Determine l(j).
-6
Let j = -4 - -8. Let w = -3 + j. Let l(b) = 9*b**2 - 8. Let f(v) = 3*v**2 - 3. Let s(r) = -8*f(r) + 3*l(r). Determine s(w).
3
Let m(g) = -g**3 + 4*g**2 + 6*g + 3. Let a be 2/(7/5 + -1). What is m(a)?
8
Let b(x) = 3*x**2 - 1. Let j(q) = q**2 + 3*q. Let m be j(-3). Suppose -6*y + y = m. Suppose -3*z + y*z = 3. What is b(z)?
2
Let d(j) = j**3 + 6. Let a be -1 - (-5)/((-15)/(-12)). Suppose a*m - 81 = 24. Let u be (-10)/m + 4/14. What is d(u)?
6
Let b(f) = -2 - f - 3 - f**2 + 3. Suppose 16 = 3*g - 4*n, -26 = 4*g + 4*n - 10. Suppose 4*x = -g*x. Give b(x).
-2
Let y be 7/3 + 1/(-3). Suppose -y*d - 5 = 3*d. Let q(l) = l**2 - 1. Let t(o) = 7*o**2 - 5*o - 4. Let z(u) = d*t(u) + 6*q(u). What is z(4)?
2
Let n(c) = 2 - 8*c - 3*c + 4*c + 6*c. Let m be 25/4 + (-2)/8. Calculate n(m).
-4
Let a(f) = f**3 - f**2. Let z(j) = 7*j**3 - 5*j**2 - 1. Let m(y) = -6*a(y) + z(y). Give m(0).
-1
Let v(z) = -2*z**2 - 2*z + 1. Let k(u) = u - 3. Let r be k(4). Give v(r).
-3
Let g(r) be the second derivative of -1/3*r**3 - 6*r - 1/6*r**4 - r**2 + 0. Give g(-2).
-6
Let d(h) = 4*h**3 - 10*h**2 + 7*h + 2. Let f(x) = 3*x**3 - 9*x**2 + 7*x + 1. Let i(c) = 2*d(c) - 3*f(c). Let p(r) = 2*r + 36. Let y be p(-15). Determine i(y).
-5
Let f(o) = o**2 + o - 4. Let h(q) = -q + 6. Let p(w) = -1. Let b(k) = -h(k) + 3*p(k). Let z be b(5). Calculate f(z).
8
Let z(k) = 2*k + 1. Let t be (-105)/(-30)*12/14. What is z(t)?
7
Suppose 2*f - 5 = -g, 2*g = 7*f - 2*f - 17. Let a(o) = o - 4*o - 7*o**f + 8*o**3 + 0*o - 3*o**2. Determine a(3).
-9
Suppose -3*u = 4*i - 11 - 11, 0 = -2*i - 5*u + 18. Let k be (-4)/3*(-51)/34. Let s(b) = b - 8 - i*b + k. Give s(-4).
6
Let h(d) = -7*d. Let z = 0 + 0. Let j = -3 - z. Let y be j/(((-9)/1)/3). Calculate h(y).
-7
Let m be ((-4)/10)/((-7)/35). Let k(l) = -4*l - 2. Give k(m).
-10
Let q(m) = m - 1. Let o be q(3). Let y(b) = 4 + 2*b**o - 4 + 2*b - 5*b. Calculate y(3).
9
Let a(p) = -p**3 + 3*p**2 + 2*p + 5. Let x(k) = 12*k**2 - k. Let t be x(-1). Let u = t + -9. What is a(u)?
-3
Let p(b) be the first derivative of -b**2 + 3*b + 1. Let m be (-522)/(-30) + (-4)/10. Suppose -3*z = -2*s + m, s + 5*z + 7 = -s. What is p(s)?
-5
Suppose 5*d - 25 = 0, 0 = 2*s + 2*s + 5*d - 21. Let r(i) = -17*i**2 - 1. Give r(s).
-18
Let u(g) = -4*g + 3. Let h be u(-3). Suppose 2*n + 41 = 3*l, -2*l + h = 5. Let y be (-8)/20 + n/5. Let i(r) = r**2 + 5*r + 3. Give i(y).
-3
Let a(l) = -4 - 3*l + l**3 + 2*l**2 - 1 + 2 - l**2. Determine a(-2).
-1
Let m(a) = -a**3 - 9*a**2 - a - 4. Let w be m(-9). Suppose w*y + 35 = 15. Let h be -1*(-2)/y*0. Let f(p) = -p - 6. Determine f(h).
-6
Let z(o) = 4*o**2 - o. Let t = 27 + 1. Let s be t/(-6) - (-1)/(-3). Let v = -4 - s. Determine z(v).
3
Let u(k) = -1. Let t(f) = -2*f - 5. Let v(o) = -3*o - 8. Let q(y) = -8*t(y) + 5*v(y). Let g(r) =